{"id":416,"date":"2014-07-28T15:05:12","date_gmt":"2014-07-28T13:05:12","guid":{"rendered":"https:\/\/www.fewo-mangold.de\/?page_id=416"},"modified":"2015-07-06T08:27:48","modified_gmt":"2015-07-06T06:27:48","slug":"gastgeber","status":"publish","type":"page","link":"https:\/\/www.fewo-mangold.de\/?page_id=416","title":{"rendered":"Gastgeber"},"content":{"rendered":"<p style=\"text-align: left;\"><div class=\"soliloquy-outer-container\" data-soliloquy-loaded=\"0\"><div aria-live=\"polite\" id=\"soliloquy-container-536\" class=\"soliloquy-container soliloquy-transition-fade soliloquy-fade  soliloquy-theme-classic\" style=\"max-width:825px;max-height:400px;margin:0 auto 20px;\"><ul id=\"soliloquy-536\" class=\"soliloquy-slider soliloquy-slides soliloquy-wrap soliloquy-clear\"><li aria-hidden=\"true\" class=\"soliloquy-item soliloquy-item-1 soliloquy-id-539 soliloquy-image-slide\" draggable=\"false\" style=\"list-style:none;\"><img decoding=\"async\" id=\"soliloquy-image-539\" class=\"soliloquy-image soliloquy-image-1\" src=\"https:\/\/www.fewo-mangold.de\/wp-content\/uploads\/2015\/07\/gastgeber-familie-mangold.jpg\" alt=\"gastgeber familie mangold\" \/><\/li><li aria-hidden=\"true\" class=\"soliloquy-item soliloquy-item-2 soliloquy-id-711 soliloquy-image-slide\" draggable=\"false\" style=\"list-style:none;\"><img decoding=\"async\" id=\"soliloquy-image-711\" class=\"soliloquy-image soliloquy-image-2 soliloquy-preload\" src=\"https:\/\/www.fewo-mangold.de\/wp-content\/plugins\/soliloquy\/assets\/css\/images\/holder.gif\" data-soliloquy-src=\"https:\/\/www.fewo-mangold.de\/wp-content\/uploads\/2015\/07\/hausansicht-2.jpg\" alt=\"hausansicht 2\" \/><\/li><li aria-hidden=\"true\" class=\"soliloquy-item soliloquy-item-3 soliloquy-id-804 soliloquy-image-slide\" draggable=\"false\" style=\"list-style:none;\"><img decoding=\"async\" id=\"soliloquy-image-804\" class=\"soliloquy-image soliloquy-image-3 soliloquy-preload\" src=\"https:\/\/www.fewo-mangold.de\/wp-content\/plugins\/soliloquy\/assets\/css\/images\/holder.gif\" data-soliloquy-src=\"https:\/\/www.fewo-mangold.de\/wp-content\/uploads\/2015\/07\/Gartenbank-am-G\u00e4steh\u00fctterl.jpg\" alt=\"Gartenbank am G\u00e4steh\u00fctterl\" \/><\/li><li aria-hidden=\"true\" class=\"soliloquy-item soliloquy-item-4 soliloquy-id-575 soliloquy-image-slide\" draggable=\"false\" style=\"list-style:none;\"><img decoding=\"async\" id=\"soliloquy-image-575\" class=\"soliloquy-image soliloquy-image-4 soliloquy-preload\" src=\"https:\/\/www.fewo-mangold.de\/wp-content\/plugins\/soliloquy\/assets\/css\/images\/holder.gif\" data-soliloquy-src=\"https:\/\/www.fewo-mangold.de\/wp-content\/uploads\/2015\/07\/gartenliegen.jpg\" alt=\"gartenliegen\" \/><\/li><li aria-hidden=\"true\" class=\"soliloquy-item soliloquy-item-5 soliloquy-id-562 soliloquy-image-slide\" draggable=\"false\" style=\"list-style:none;\"><img decoding=\"async\" id=\"soliloquy-image-562\" class=\"soliloquy-image soliloquy-image-5 soliloquy-preload\" src=\"https:\/\/www.fewo-mangold.de\/wp-content\/plugins\/soliloquy\/assets\/css\/images\/holder.gif\" data-soliloquy-src=\"https:\/\/www.fewo-mangold.de\/wp-content\/uploads\/2015\/07\/huetterl.jpg\" alt=\"huetterl\" \/><\/li><\/ul><\/div><noscript><style type=\"text\/css\">#soliloquy-container-536{opacity:1}#soliloquy-container-536 li > .soliloquy-caption{display:none}#soliloquy-container-536 li:first-child > .soliloquy-caption{display:block}<\/style><div class=\"soliloquy-no-js\" style=\"display:none;visibility:hidden;height:0;line-height:0;opacity:0;\"><img decoding=\"async\" class=\"soliloquy-image soliloquy-no-js-image skip-lazy\" src=\"https:\/\/www.fewo-mangold.de\/wp-content\/uploads\/2015\/07\/gastgeber-familie-mangold.jpg\" alt=\"gastgeber familie mangold\" \/><img decoding=\"async\" class=\"soliloquy-image soliloquy-no-js-image skip-lazy\" src=\"https:\/\/www.fewo-mangold.de\/wp-content\/uploads\/2015\/07\/hausansicht-2.jpg\" alt=\"hausansicht 2\" \/><img decoding=\"async\" class=\"soliloquy-image soliloquy-no-js-image skip-lazy\" src=\"https:\/\/www.fewo-mangold.de\/wp-content\/uploads\/2015\/07\/Gartenbank-am-G\u00e4steh\u00fctterl.jpg\" alt=\"Gartenbank am G\u00e4steh\u00fctterl\" \/><img decoding=\"async\" class=\"soliloquy-image soliloquy-no-js-image skip-lazy\" src=\"https:\/\/www.fewo-mangold.de\/wp-content\/uploads\/2015\/07\/gartenliegen.jpg\" alt=\"gartenliegen\" \/><img decoding=\"async\" class=\"soliloquy-image soliloquy-no-js-image skip-lazy\" src=\"https:\/\/www.fewo-mangold.de\/wp-content\/uploads\/2015\/07\/huetterl.jpg\" alt=\"huetterl\" \/><\/div><\/noscript><\/div><\/p>\n<p style=\"text-align: left;\">Wir sind eine traditionsbewusste oberbayrische Familie. Seit mehr als 30 Jahren investieren wir unsere ganze Leidenschaft und Liebe in jedes Detail rund um Ihren Aufenthalt, um Ihre Auszeit in unseren gem\u00fctlichen Ferienwohnungen unvergesslich zu machen.<\/p>\n<p>Alle Holzm\u00f6bel in den Ferienwohnungen sind vom Gastgeber Andreas liebevoll selbst geschreinert. Die Wirtin Vroni umsorgt die G\u00e4ste auf Wunsch mit einem morgentlichen Semmelservice. Geniessen Sie den Bergblick auf unseren bequemen Gartenliegen. F\u00fcr die Sommerabende gibt es ein urgem\u00fctliches G\u00e4steh\u00fctterl zum Ratschen.<\/p>\n<p><b>F\u00fchlen Sie sich herzlichst will<b>k<\/b>ommen in einer<b> <\/b>pers\u00f6nlichen und famili\u00e4ren Atmosph\u00e4re<b><b>.<\/b><\/b><\/b><\/p>\n<p>Ihre Familie Andreas &amp; Vroni Mangold<\/p>\n","protected":false},"excerpt":{"rendered":"<p>Wir sind eine traditionsbewusste oberbayrische Familie. Seit mehr als 30 Jahren investieren wir unsere ganze Leidenschaft und Liebe in jedes Detail rund um Ihren Aufenthalt, um Ihre Auszeit in unseren gem\u00fctlichen Ferienwohnungen unvergesslich zu machen. Alle Holzm\u00f6bel in den Ferienwohnungen &hellip; <a href=\"https:\/\/www.fewo-mangold.de\/?page_id=416\">Weiterlesen <span class=\"meta-nav\">&rarr;<\/span><\/a><\/p>\n","protected":false},"author":1,"featured_media":0,"parent":0,"menu_order":0,"comment_status":"closed","ping_status":"closed","template":"","meta":{"footnotes":""},"class_list":["post-416","page","type-page","status-publish","hentry"],"_links":{"self":[{"href":"https:\/\/www.fewo-mangold.de\/index.php?rest_route=\/wp\/v2\/pages\/416"}],"collection":[{"href":"https:\/\/www.fewo-mangold.de\/index.php?rest_route=\/wp\/v2\/pages"}],"about":[{"href":"https:\/\/www.fewo-mangold.de\/index.php?rest_route=\/wp\/v2\/types\/page"}],"author":[{"embeddable":true,"href":"https:\/\/www.fewo-mangold.de\/index.php?rest_route=\/wp\/v2\/users\/1"}],"replies":[{"embeddable":true,"href":"https:\/\/www.fewo-mangold.de\/index.php?rest_route=%2Fwp%2Fv2%2Fcomments&post=416"}],"version-history":[{"count":30,"href":"https:\/\/www.fewo-mangold.de\/index.php?rest_route=\/wp\/v2\/pages\/416\/revisions"}],"predecessor-version":[{"id":540,"href":"https:\/\/www.fewo-mangold.de\/index.php?rest_route=\/wp\/v2\/pages\/416\/revisions\/540"}],"wp:attachment":[{"href":"https:\/\/www.fewo-mangold.de\/index.php?rest_route=%2Fwp%2Fv2%2Fmedia&parent=416"}],"curies":[{"name":"wp","href":"https:\/\/api.w.org\/{rel}","templated":true}]}}

<p style="text-align: left;"><div class="soliloquy-outer-container" data-soliloquy-loaded="0"><div aria-live="polite" id="soliloquy-container-536" class="soliloquy-container soliloquy-transition-fade soliloquy-fade  soliloquy-theme-classic" style="max-width:825px;max-height:400px;margin:0 auto 20px;"><ul id="soliloquy-536" class="soliloquy-slider soliloquy-slides soliloquy-wrap soliloquy-clear"><li aria-hidden="true" class="soliloquy-item soliloquy-item-1 soliloquy-id-539 soliloquy-image-slide" draggable="false" style="list-style:none;"><img decoding="async" id="soliloquy-image-539" class="soliloquy-image soliloquy-image-1" src="https://www.fewo-mangold.de/wp-content/uploads/2015/07/gastgeber-familie-mangold.jpg" alt="gastgeber familie mangold" /></li><li aria-hidden="true" class="soliloquy-item soliloquy-item-2 soliloquy-id-711 soliloquy-image-slide" draggable="false" style="list-style:none;"><img decoding="async" id="soliloquy-image-711" class="soliloquy-image soliloquy-image-2 soliloquy-preload" src="https://www.fewo-mangold.de/wp-content/plugins/soliloquy/assets/css/images/holder.gif" data-soliloquy-src="https://www.fewo-mangold.de/wp-content/uploads/2015/07/hausansicht-2.jpg" alt="hausansicht 2" /></li><li aria-hidden="true" class="soliloquy-item soliloquy-item-3 soliloquy-id-804 soliloquy-image-slide" draggable="false" style="list-style:none;"><img decoding="async" id="soliloquy-image-804" class="soliloquy-image soliloquy-image-3 soliloquy-preload" src="https://www.fewo-mangold.de/wp-content/plugins/soliloquy/assets/css/images/holder.gif" data-soliloquy-src="https://www.fewo-mangold.de/wp-content/uploads/2015/07/Gartenbank-am-Gästehütterl.jpg" alt="Gartenbank am Gästehütterl" /></li><li aria-hidden="true" class="soliloquy-item soliloquy-item-4 soliloquy-id-575 soliloquy-image-slide" draggable="false" style="list-style:none;"><img decoding="async" id="soliloquy-image-575" class="soliloquy-image soliloquy-image-4 soliloquy-preload" src="https://www.fewo-mangold.de/wp-content/plugins/soliloquy/assets/css/images/holder.gif" data-soliloquy-src="https://www.fewo-mangold.de/wp-content/uploads/2015/07/gartenliegen.jpg" alt="gartenliegen" /></li><li aria-hidden="true" class="soliloquy-item soliloquy-item-5 soliloquy-id-562 soliloquy-image-slide" draggable="false" style="list-style:none;"><img decoding="async" id="soliloquy-image-562" class="soliloquy-image soliloquy-image-5 soliloquy-preload" src="https://www.fewo-mangold.de/wp-content/plugins/soliloquy/assets/css/images/holder.gif" data-soliloquy-src="https://www.fewo-mangold.de/wp-content/uploads/2015/07/huetterl.jpg" alt="huetterl" /></li></ul></div><noscript><style type="text/css">#soliloquy-container-536{opacity:1}#soliloquy-container-536 li > .soliloquy-caption{display:none}#soliloquy-container-536 li:first-child > .soliloquy-caption{display:block}</style><div class="soliloquy-no-js" style="display:none;visibility:hidden;height:0;line-height:0;opacity:0;"><img decoding="async" class="soliloquy-image soliloquy-no-js-image skip-lazy" src="https://www.fewo-mangold.de/wp-content/uploads/2015/07/gastgeber-familie-mangold.jpg" alt="gastgeber familie mangold" /><img decoding="async" class="soliloquy-image soliloquy-no-js-image skip-lazy" src="https://www.fewo-mangold.de/wp-content/uploads/2015/07/hausansicht-2.jpg" alt="hausansicht 2" /><img decoding="async" class="soliloquy-image soliloquy-no-js-image skip-lazy" src="https://www.fewo-mangold.de/wp-content/uploads/2015/07/Gartenbank-am-Gästehütterl.jpg" alt="Gartenbank am Gästehütterl" /><img decoding="async" class="soliloquy-image soliloquy-no-js-image skip-lazy" src="https://www.fewo-mangold.de/wp-content/uploads/2015/07/gartenliegen.jpg" alt="gartenliegen" /><img decoding="async" class="soliloquy-image soliloquy-no-js-image skip-lazy" src="https://www.fewo-mangold.de/wp-content/uploads/2015/07/huetterl.jpg" alt="huetterl" /></div></noscript></div></p>
<p style="text-align: left;">Wir sind eine traditionsbewusste oberbayrische Familie. Seit mehr als 30 Jahren investieren wir unsere ganze Leidenschaft und Liebe in jedes Detail rund um Ihren Aufenthalt, um Ihre Auszeit in unseren gemütlichen Ferienwohnungen unvergesslich zu machen.</p>
<p>Alle Holzmöbel in den Ferienwohnungen sind vom Gastgeber Andreas liebevoll selbst geschreinert. Die Wirtin Vroni umsorgt die Gäste auf Wunsch mit einem morgentlichen Semmelservice. Geniessen Sie den Bergblick auf unseren bequemen Gartenliegen. Für die Sommerabende gibt es ein urgemütliches Gästehütterl zum Ratschen.</p>
<p><b>Fühlen Sie sich herzlichst will<b>k</b>ommen in einer<b> </b>persönlichen und familiären Atmosphäre<b><b>.</b></b></b></p>
<p>Ihre Familie Andreas &amp; Vroni Mangold</p>

<p>Wir sind eine traditionsbewusste oberbayrische Familie. Seit mehr als 30 Jahren investieren wir unsere ganze Leidenschaft und Liebe in jedes Detail rund um Ihren Aufenthalt, um Ihre Auszeit in unseren gemütlichen Ferienwohnungen unvergesslich zu machen. Alle Holzmöbel in den Ferienwohnungen &hellip; <a href="https://www.fewo-mangold.de/?page_id=416">Weiterlesen <span class="meta-nav">&rarr;</span></a></p>
